{"id":4590,"date":"2025-11-26T17:45:30","date_gmt":"2025-11-26T14:45:30","guid":{"rendered":"http:\/\/www.sukruoguzsigorta.com\/?page_id=4590"},"modified":"2025-11-28T00:48:03","modified_gmt":"2025-11-27T21:48:03","slug":"sahip-oldugumuz-belge-ve-oduller","status":"publish","type":"page","link":"https:\/\/www.sukruoguzsigorta.com\/index.php\/sahip-oldugumuz-belge-ve-oduller\/","title":{"rendered":"Sahip Oldu\u011fumuz Belge ve \u00d6d\u00fcller"},"content":{"rendered":"\r\n<h1 class=\"page-title wp-block-heading\">Sahip Oldu\u011fumuz Belge ve \u00d6d\u00fcller<\/h1>","protected":false},"excerpt":{"rendered":"<p>Sahip Oldu\u011fumuz Belge ve \u00d6d\u00fcller<\/p>\n","protected":false},"author":1,"featured_media":0,"parent":0,"menu_order":0,"comment_status":"closed","ping_status":"closed","template":"","meta":{"footnotes":""},"class_list":["post-4590","page","type-page","status-publish","hentry"],"_links":{"self":[{"href":"https:\/\/www.sukruoguzsigorta.com\/index.php\/wp-json\/wp\/v2\/pages\/4590","targetHints":{"allow":["GET"]}}],"collection":[{"href":"https:\/\/www.sukruoguzsigorta.com\/index.php\/wp-json\/wp\/v2\/pages"}],"about":[{"href":"https:\/\/www.sukruoguzsigorta.com\/index.php\/wp-json\/wp\/v2\/types\/page"}],"author":[{"embeddable":true,"href":"https:\/\/www.sukruoguzsigorta.com\/index.php\/wp-json\/wp\/v2\/users\/1"}],"replies":[{"embeddable":true,"href":"https:\/\/www.sukruoguzsigorta.com\/index.php\/wp-json\/wp\/v2\/comments?post=4590"}],"version-history":[{"count":4,"href":"https:\/\/www.sukruoguzsigorta.com\/index.php\/wp-json\/wp\/v2\/pages\/4590\/revisions"}],"predecessor-version":[{"id":4717,"href":"https:\/\/www.sukruoguzsigorta.com\/index.php\/wp-json\/wp\/v2\/pages\/4590\/revisions\/4717"}],"wp:attachment":[{"href":"https:\/\/www.sukruoguzsigorta.com\/index.php\/wp-json\/wp\/v2\/media?parent=4590"}],"curies":[{"name":"wp","href":"https:\/\/api.w.org\/{rel}","templated":true}]}}